y be ((13 - -275)/36)/(-1). What is l(y)?
-21
Let d(g) = 3 - 4 + 78310*g**2 - 78316*g**2 + 3 + 2*g. Let x = 22 + -17. Suppose 0 = -x*n + 3*n + 4. Determine d(n).
-18
Let x(z) = z**3 + 7*z**2 - z + 2. Let f be x(-7). Let l(i) = -10 + 2*i**2 - 8 + 8 - 11*i - i**2. Determine l(f).
-28
Let u(x) = 31*x + 5. Let r be u(-2). Let v = -57 - r. Suppose -12*n + 6*n - 36 = v. Let s(g) = -g**3 - 6*g**2 + 1. What is s(n)?
1
Let l(r) = r**3 - 10*r**2 - 19*r + 31. Suppose 27*m + 14*m + 16*m - 684 = 0. What is l(m)?
91
Let n(r) = -r**3 - 3*r**2 - r + 4. Suppose 185*i + 260 = 133*i. What is n(i)?
59
Let f(g) = g**3 + 7*g**2 - 3*g + 1. Let w = 235 - 223. Let a be w/(-30)*5 + -5. What is f(a)?
22
Let t(g) be the first derivative of g**4/4 - 2*g**3 - 12*g - 936. Calculate t(6).
-12
Let t(n) = -2 + 8*n + 0 - 21 - 37. Calculate t(9).
12
Let x be ((3 + -7 - 0) + 3)*-2. Let u(m) = 3*m**2 - 11*m**2 + 3*m**2 + x*m + 1. Calculate u(2).
-15
Let x(u) = 35*u**3 - 6*u + 3 + 4*u - 34*u**3 + u**2 + u**2. Let l(y) = y**3 + y**2 - 3*y + 2. Let p(k) = 2*l(k) - 3*x(k). Determine p(-4).
-5
Suppose -3*a + 27 + 22 = u, -4*a = -2*u - 82. Let j = -20 + a. Let w(d) = 3*d**3 + 3*d**2 - d - 2. Determine w(j).
-12
Let k(a) = -11 - 3*a - 43 + 19 - 1 - 65. Let o be k(-35). Let s(d) = -d**2 + 3*d - 3. Determine s(o).
-7
Let h(r) = r - 17. Let k be h(9). Let l(u) = -7028*u + 3514*u + 3517*u + 18. Calculate l(k).
-6
Let o(b) be the second derivative of b**3/6 - b**2/2 - 110*b. Let m = 2 + -2. Suppose h + 2*h + 15 = m. What is o(h)?
-6
Let z be 4 + (5 - (-15)/(-5)). Let x(v) = 2*v - 8*v**2 + 13*v**2 + 6 - 4 - z*v**2. What is x(5)?
-13
Suppose -2*j = 5*p - 15, p + 5 = j + 1. Let m be -1 + ((-2)/(-6))/(j/(-15)). Let u(i) = -i**3 + i**2 - 2. Determine u(m).
10
Let n(v) = -2*v - 3. Let w be n(-2). Let c(j) = 7 + 9 + 9 - 30 + 4 - j**2. Let r(m) = -m**3 - 4*m**2 + 2*m - 5. Let u(z) = w*r(z) - 3*c(z). What is u(2)?
-10
Let v(p) = -p**3 + p - 1. Let h(a) = -3*a**3 - 6*a**2 + 6*a - 9. Let g(j) = -h(j) + 4*v(j). Let k = 85147 + -85141. Calculate g(k).
-7
Suppose -18*c - b = -13*c - 7, 5*c - 1 = -3*b. Let n(j) be the first derivative of 20 - j - 1/2*j**c. Determine n(-3).
2
Suppose -616 = -206*h + 760 - 346. Let g(o) be the third derivative of 11/24*o**4 - 1/60*o**h + 0 - 33*o**2 + 0*o - 3/2*o**3. What is g(10)?
1
Let g = 12 - 6. Let x(m) = 7*m**3 - 8*m**2 - 3*m + 11. Let o(p) = -24*p**3 + 25*p**2 + 9*p - 34. Let f(h) = -2*o(h) - 7*x(h). Calculate f(g).
9
Let o(u) = u**2 + 27*u - 2. Let b(t) = t**3 - 71*t**2 + 56*t + 953. Let w be b(70). Calculate o(w).
-2
Let b(v) = v**2 + 24*v + 81. Let z be b(-4). Let d(t) = 83*t + 1. Determine d(z).
84
Let t(m) = 24 - 3*m**2 - 16*m - 24*m + 54*m. Let b(p) = -p**2 + 5*p + 8. Let g(z) = -7*b(z) + 2*t(z). Let u be (252/36)/(2/2). Calculate g(u).
-8
Let c(f) = -f**3 + f**2 + 2*f + 4. Let t be (6/5)/(4/5)*2. Suppose -w + 2*n = 2*w - 30, 5*n = -t*w + 51. Suppose -w*h = 12 - 48. Determine c(h).
-8
Suppose 3 = h - 4*t, -5*t + 1 = h - 2. Let j(v) = -v + h*v - 154 + 153. What is j(7)?
13
Let i(t) = 51*t + 239. Let b(u) = -25*u - 109. Let c(j) = 13*b(j) + 6*i(j). Calculate c(-1).
36
Let c = -43690 + 63495. Let k(t) = -3*t + 2*t + c*t**3 - 19799*t**3. What is k(-1)?
-5
Let z(i) = -i**2 + 14*i - 68. Let r be z(16). Let m = r - -105. Suppose -v = -m*j + 28, 3*v + 17 - 5 = 3*j. Let s(c) = -c**3 + 6*c**2 + c - 3. What is s(j)?
3
Let a(y) = y**3 - y**2 - y - 21. Let k be a(3). Let j(c) = -31*c - 194. What is j(k)?
-8
Let r(f) be the second derivative of f**4/12 - 7*f**3/6 - 10*f**2 + 249*f - 2. Determine r(8).
-12
Let q(i) be the first derivative of i**4/12 + 2*i**3/3 + 3*i**2 - 270*i + 17. Let u(k) be the first derivative of q(k). Suppose -5*b - 40 = -10. Determine u(b).
18
Let w(z) = 4*z - 9. Suppose -3*f = 6*u - 39, 2*f - 2 + 6 = 2*u. Give w(f).
3
Let w(b) = -23*b - 1067. Let h be w(-48). Let j(o) = o**3 - 36*o**2 - 34*o - 111. What is j(h)?
0
Let q(y) = -2*y**3 + 7*y**2 - y + 3. Let u(a) = -7*a**3 + 17*a**2 - 3*a + 7. Let i(b) = -5*q(b) + 2*u(b). Give i(-1).
3
Suppose 0 = -2*k - 3*l + 12, 39*k - 35*k - 4 = -4*l. Let i(g) = 4*g + 8. Let q(p) = -16*p - 31. Let u(j) = 9*i(j) + 2*q(j). Calculate u(k).
-26
Let i(q) = q + 7. Let y(p) = 52*p - 267. Let k be y(5). What is i(k)?
0
Let h(n) = n**2 + 11*n + 12. Let v be h(-10). Let o(x) = -x**2 + 16 - x - 14 - x**v. Suppose -2*g - 3*t = g, 2*t = 4*g + 12. Determine o(g).
-4
Let f(t) = t**3 - 2*t - 19 - 4*t**2 + t**2 + 20 - 9*t. Let k = 304 - 299. What is f(k)?
-4
Let n(p) be the first derivative of -88 + 2/3*p**3 - 6*p + 3*p**2. Calculate n(-5).
14
Let q be (18/8)/((-21)/56). Let a = q - 2. Let c(m) = m**3 + 8*m**2 + 1. Give c(a).
1
Let d(v) be the first derivative of -7*v**3/3 - v**2/2 + 3*v + 919. What is d(-2)?
-23
Let q = 25043 + -25046. Let s(c) = -2*c + 21. Give s(q).
27
Let h(y) = y**3 + 4*y**2 - 5*y - 4. Suppose 3*p - 5*v = 5*p - 102, -5*v = -2*p + 82. Let m be ((-10)/(-15))/(-4 + p/12). What is h(m)?
16
Let p(v) be the third derivative of v**6/120 + v**5/12 + v**4/12 - v**3/2 - 222*v**2. Let i be 2*45/18*16/(-20). Determine p(i).
5
Suppose 4*u - 6 - 6 = 0. Suppose u*f + 25 = 8*f - 5*c, 2*f - c = 6. Let a(i) = -2*i**2 - i + 1. Calculate a(f).
-2
Let u be (-1944)/84 + (-2)/(-14). Let w = u - -21. Let n be 8/w*(-1)/4. Let i(l) = 10*l. What is i(n)?
10
Let v(u) = 120*u - 20. Let b(n) = -32*n - 1. Let y(a) = -4*b(a) - v(a). What is y(-10)?
-56
Let q = 7364 - 7346. Let i(s) = -s + 7. Calculate i(q).
-11
Let j(t) = -19*t**2 + 18*t - 56. Let b(k) = 9*k**2 - k. Let p(m) = 2*b(m) + j(m). Calculate p(12).
-8
Suppose -624 = 19*c - 16*c. Let r = c - -201. Let w(b) = b**2 + 6*b - 5. Calculate w(r).
2
Let r(s) = s**2 + 8*s - 9. Suppose -267 = -n - 323. Let b be (n/20)/((-5)/(100/(-8))). Determine r(b).
-16
Let p(w) = -3*w + 2. Let n(s) = -s**2 + 13*s - 14. Let b(x) = n(x) + 6*p(x). Let g be (-4)/(-14) + (-46)/14. Calculate b(g).
4
Let t(h) = -3*h**2 + 23*h + 10. Let g be (-140)/(18 - 32) - 2. Give t(g).
2
Let y(d) = -d - 1. Let p be y(0). Let l(s) = s + 149. Let k(j) = -j - 372. Let n(b) = 2*k(b) + 5*l(b). Give n(p).
-2
Suppose 0 = 46*f - 51 - 95 - 130. Let c(o) = o**2 + 67*o - 446. Determine c(f).
-8
Let z(h) = -442*h + 59. Let k(d) = 809*d - 118. Let l(q) = -6*k(q) - 11*z(q). Give l(-13).
-45
Let p(u) = -u**3 + 7*u**2 + 8*u + 3. Let w be p(-5). Let f(g) = -264*g + w*g + 41 + 4. What is f(0)?
45
Let z(j) = j + 25. Let i(g) = -83*g - 593. Let b be i(-7). Give z(b).
13
Let i(s) = s**2 + 458*s + 3. Let b be i(0). Let k(o) be the third derivative of -o**6/120 + o**5/15 - 5*o**4/24 + o**3 - 2*o**2. Give k(b).
0
Suppose -18*p + 15*p = 4*o - 8, -5 = 5*o. Suppose -3*t - v - 19 = 0, 2*t = v - p*v - 15. Let w(h) = -h**3 - 7*h**2 - 6*h + 8. Give w(t).
8
Let b(s) be the first derivative of 12 + 0*s + 1/20*s**5 + 0*s**2 - 1/360*s**6 - 7/3*s**3 - 7/24*s**4. Let c(f) be the third derivative of b(f). Give c(6).
-7
Let j(t) be the third derivative of t**5/60 - 11*t**4/24 + 31*t**3/6 + 3*t**2 - 14*t - 18. Calculate j(7).
3
Let u be 19/((-285)/(-6))*10. Let y(l) = 3*l + 11. Calculate y(u).
23
Suppose -37*h = 18 + 167. Let y(u) = u**2 + u + 9. Let p(g) = -12 + 5 + 3 - g. Let b(s) = h*p(s) - 2*y(s). Determine b(3).
-7
Suppose 21*b - 36 = 17*b. Let j(f) = -b - 9*f + 4*f - 28 + 3*f. Let t be j(-18). Let p(z) = 4*z**2 + 1. Calculate p(t).
5
Let r = 333 + -345. Let b be -19 + (13 + r)/((-2)/(-8)). Let f(o) = o**3 + 15*o**2 - o - 14. Determine f(b).
1
Suppose 71*s - 212 + 440 = -269. Let z(c) = -10*c - 2. Give z(s).
68
Let u(l) be the first derivative of 2*l**3/3 + l**2/2 - 7*l + 21. Give u(5).
48
Let n(q) = q**3 - q**2 - 6*q - 8. Let g be n(3). Let r(m) = -8 - 11 - 2*m + 9. What is r(g)?
6
Let a(f) be the second derivative of -f**5/20 + f**4/6 + 5*f**3/2 - 3*f**2 - 83*f + 29. What is a(4)?
22
Let v(o) = -9*o**2 + 10*o**2 + o**3 + 0 - 2*o + 1. Let r(a) = 2*a**3 + 3*a**2 - 4*a + 2. Let y = -128 + 133. Let d(c) = y*v(c) - 3*r(c). Give d(-4).
-9
Let y(z) = 48*z**2 - 2*z - 1. Let p(n) = n**2 + 60*n + 499. Let f be p(-10). Determine y(f).
49
Let z(b) = -74 + 135 - 6*b**2 + 24*b - 66. Give z(4).
-5
Let w(k) = k**3 - 17*k**2 - 20*k + 40. Let r be w(18). Let d be (-1)/(-2) - 42/r. Let t(o) = -o**2 - 10*o + 12. What is t(d)?
12
Let n be (-1)/3 + (-226)/6. Let a = 26 + n. Let g